Calculate y(-7).
-7
Let c be (1 + (-4)/3)*0. Let a(r) = 6*r**3 - 5*r**2 + 6*r + 8. Let h(m) = -3 + 4 - m**3 - m + 5*m**2 - 4*m**2. Let l(w) = -a(w) - 5*h(w). Give l(c).
-13
Let a = 23 - 18. Suppose -a*q = -0*q - 5*n + 15, -n + 15 = -4*q. Let j(u) = -26*u - 10. Let c(b) = 5*b + 2. Let v(i) = 11*c(i) + 2*j(i). What is v(q)?
-10
Let a(f) be the first derivative of f**6/120 + f**5/10 - f**4/24 - f**3/2 + 23*f**2/2 - 17. Let y(d) be the second derivative of a(d). What is y(-6)?
3
Let m(d) be the third derivative of d**6/120 - d**5/20 + d**3/6 + d**2. Suppose -3*h = h. Suppose 5*v - 2*r - 14 = h, 0*r + 5*r = -10. Calculate m(v).
-3
Let v(d) = -17*d**3 + d + 1. Let c(h) = 24*h + 599. Let b be c(-25). Calculate v(b).
17
Suppose -3*f + f = -0*f. Let g(q) = q**2 + q - 4. Give g(f).
-4
Let w(d) = d**2 - 2*d + 2. Let j(i) be the third derivative of i**5/60 - i**4/6 + 5*i**3/6 + 7*i**2. Let f be j(3). What is w(f)?
2
Let v(o) = -42*o**2 - o. Suppose 0 = n - 3*c + 23 - 9, n + c - 6 = 0. Determine v(n).
-43
Let t(g) = g**3 + 14*g**2 - 16*g - 12. Let x be t(-15). Let z(p) = 0*p**x + 1 + p**3 + 3*p**2 + 2*p**2 + 4*p + 0*p**2. Determine z(-3).
7
Let p(l) = -8*l**3 - 2*l**2 - 2*l - 7. Let s(m) = m**3 - 1. Suppose 0 = -5*t + 9*t + 24. Let z(y) = t*s(y) + p(y). Determine z(-1).
13
Let q(s) = 24*s**2 - 2*s - 46. Let p(x) = -11*x**2 + x + 23. Let z(f) = -13*p(f) - 6*q(f). What is z(0)?
-23
Let s be (-10)/35 + 94/(-14). Let o(u) be the third derivative of u**5/60 + 7*u**4/24 + 5*u**3/3 + 6*u**2 - 18*u. Give o(s).
10
Let q be 0/((-4)/3 - (-3)/9). Suppose 3*s - s = 6. Let u(t) = -1 - 5 - s*t**2 + 4*t**2. Give u(q).
-6
Let n(g) = -g - 1. Suppose 5*z - 2*z + 13 = -2*r, -3*r = -4*z + 11. Let q(i) = 18*i + 9. Let l(p) = z*q(p) - 12*n(p). Suppose -1 + 5 = 2*m. Calculate l(m).
-9
Let g(j) = -3*j - 6 + 6. Suppose -3*x = -7*x - q, -4*q = -x - 17. Let y be 1 + x - 2/(-2). Calculate g(y).
-3
Let q(f) = f**3 - 6*f**2 + 3*f - 5. Let d be q(6). Let w(j) = -6*j + d*j + 0 + 3 - 2. Calculate w(-2).
-13
Let y(r) be the second derivative of r**5/20 + r**4/6 - 5*r**3/6 + 3*r**2/2 + 11*r. Let w be ((-8)/(-10))/(2/(-10)). Determine y(w).
-9
Let i(w) = -2*w + w + 0*w - w**2 - 3*w + 5*w - 1. Calculate i(2).
-3
Let g = 29 + -23. Suppose g - 8 = t. Let m(s) be the second derivative of s**5/20 + 2*s. What is m(t)?
-8
Let k(q) = q**3 - q**2 + q + 12. Let x be k(0). Let m be (-10)/x + 19/(-114). Let a(c) = 4*c**3. Calculate a(m).
-4
Let g(s) = -s**3 + 7*s**2 - 12. Let z(q) = -22*q + 227. Let v be z(10). What is g(v)?
-12
Let k be 0/(-4 + 0) + 6. Let b(d) = 2*d - 13. Let m be b(k). Let a(r) = -3*r + 1. Let g(c) = -7*c + 2. Let y(f) = -5*a(f) + 2*g(f). Calculate y(m).
-2
Let k be -5 - ((-6)/(-15) - 24/10). Let p(s) = 3*s + 2. Calculate p(k).
-7
Let o = 28 - 26. Let z(w) be the first derivative of 2*w**2 - w - 2. Calculate z(o).
7
Suppose 0 = -6*d + 7*d + 2*u - 9, 3*d - 11 = -2*u. Let q(i) = 4 - 5 + 4 - 2 + 3*i. Calculate q(d).
4
Let i(z) = z**2 + z. Let x(a) = -3*a**2 - a + 4. Let v(w) = -2*i(w) - x(w). Give v(3).
2
Let q(h) = -h - 1. Let o(p) = 3*p + 4. Let n(y) = -2*o(y) - 7*q(y). Let u be 0/(8 - 18*(-4)/(-8)). Determine n(u).
-1
Let t(a) be the second derivative of a**4/12 + 11*a**3/6 - 5*a**2/2 - 23*a - 5. Give t(-11).
-5
Let x(t) be the third derivative of -1/4*t**4 + 0 + 0*t - 40*t**2 - 4/3*t**3 + 2/15*t**5 - 1/120*t**6. Suppose 2*n - 2*w - 8 = 0, 5*n + 5*w - 4 = 46. Give x(n).
-1
Suppose -3*g = 11 - 2. Let b(i) = i - 2. Let w(f) = 1. Let y be -3 + 0 - (-7 + 5). Let l(k) = y*w(k) + b(k). Calculate l(g).
-6
Let c be -4 - (-2 + (-16)/2). Let d(n) = 20*n**3 - 7*n**2 + 23*n - 1. Let y(f) = -7*f**3 + 2*f**2 - 8*f. Let i(p) = c*d(p) + 17*y(p). Calculate i(8).
10
Let t = 241 + -481/2. Let r(v) be the first derivative of 5*v - t*v**2 - 4. Determine r(4).
1
Let v(l) = -2*l**3 - 4*l**2 - 3*l - 2. Let r be (-1 + -3)*(-42)/56. Suppose 4*b - r*b = 1. Suppose -4*k - 4 - b = -p, -5*k - p = 13. Determine v(k).
4
Suppose -3*m + 21 = -4*b + 2*m, -b = -5*m + 9. Let p(x) be the third derivative of -1/24*x**4 + 0*x - 1/2*x**3 + 0 + 4*x**2. Calculate p(b).
1
Let p be (-18 + 22)*(2 - 1). Suppose 2*c + 3*c - 30 = f, 36 = 3*c + 3*f. Let v(m) = -m**2 - m - 4 + c*m + 0*m. Determine v(p).
4
Let p be (12/(-15))/(-1 + 42/30). Let u(j) = j + 2. Calculate u(p).
0
Let q(x) be the third derivative of -x**4/24 - x**3/3 - x**2. Let l = 3 + 6. Suppose 42 = -l*v + 6. Calculate q(v).
2
Let s be -3 + (0 - -1) + 4. Let d be ((-1)/(-4))/(3/156). Suppose 0 = 5*g + s + d. Let v(a) = -2*a - 3. Give v(g).
3
Let a = 8 - 12. Let i(d) be the first derivative of -d**3/3 - 5*d**2/2 + 2*d + 7. Give i(a).
6
Let j = 14 + -9. Let u(c) = -4*c - 1. Let n be u(-1). Let x(d) = 0*d**3 - 7 - 6*d**2 + 0*d**n + 5*d + d**3. Give x(j).
-7
Let h(r) = r**3 - 14*r**2 - 15*r - 9. Let o be h(15). Let x(c) = -3*c + 7. Calculate x(o).
34
Let h = -140 - -144. Let y be (13 - 1)*(-2)/(-6). Let j(p) = 1 - 6 + 5*p - y*p. Give j(h).
-1
Let b(a) = -a**2 + 3*a - 1. Let i(c) = -1. Let s(h) = b(h) - 5*i(h). What is s(5)?
-6
Let m(u) be the first derivative of -u**4/2 - u**2/2 - u + 172. Calculate m(-1).
2
Suppose 8*c - 4*c = -8. Let h be 5 + 2 + (-6 - -3). Let u(a) = -h*a + 1 - 3 - 1 + 2*a. What is u(c)?
1
Suppose 4*t - 16 = 4*w - 2*w, 18 = 3*t - 3*w. Let b(n) = 4 - 9*n**2 + 3*n + 8*n**t + 3*n. Let p = 13 + -8. What is b(p)?
9
Suppose 8*u - 76 = -20. Let t(a) = -2*a - 4 - u + 14 - 2. Calculate t(-5).
11
Let g(d) = -2*d**3 + 5*d**2 - d - 3. Let x(c) = -c**3 + c + 1. Let k(p) = g(p) - x(p). Determine k(4).
4
Let v(f) be the third derivative of 7*f**5/15 - f**4/12 + f**3/6 + 190*f**2. Calculate v(1).
27
Let i(y) = -y**3 + 5*y**2 - y + 1. Suppose 4*a + 20 = 8*a. What is i(a)?
-4
Let l(u) = -11*u**3 + 9*u - 5. Suppose 95*n - 99*n + 12 = 0. Let y(i) = -4*i**3 + 3*i - 2. Let m(f) = n*l(f) - 8*y(f). What is m(-2)?
3
Let v be ((-4)/(-6))/(-2 - (-40)/18). Let k(w) be the first derivative of -9/2*w**2 - 2*w**v - 9 + 5*w + 1/4*w**4. What is k(7)?
-9
Let z be 96/(-45) - (-4)/30. Let h(y) = -3*y - 2. Calculate h(z).
4
Let y(z) be the first derivative of -z**3/3 + 7*z**2/2 + 7*z - 162. Calculate y(7).
7
Let z = -172 - -103. Let f = z - -64. Let a(v) = -v**2 - 5*v + 2. What is a(f)?
2
Suppose 0 = p - 4, 3*d + 21 - 2 = p. Let k(j) be the third derivative of -1/10*j**5 - 1/2*j**3 - 7/24*j**4 - 1/120*j**6 + 0 + 0*j + 9*j**2. Determine k(d).
7
Let j(q) = -q**2 - q + 10. Let h be j(0). Let f(v) = 2*v. Let x(d) = 5*d - 5*d + d. Let s(i) = h*x(i) - 4*f(i). Determine s(-2).
-4
Let v(c) = c**2 + 4*c + 1. Suppose -2*w = -4*w + 4. Let j be (81 + 3)*(3 - w). Let d be 2/3 - j/18. What is v(d)?
1
Let p = -5 + 14. Let u(d) = -d**2 + 10*d - 3. Let t be u(p). Let r(s) = s**2 - 8*s + 7. Give r(t).
-5
Suppose 2*g + 12 = -30. Let z = -44 - g. Let r = 25 + z. Let i(n) = -2*n - 1. Calculate i(r).
-5
Let v(d) = 5*d - 58 + 21 + 59 + 53. Determine v(-15).
0
Suppose 84 = 3*x + 11*x. Suppose -x*a - 2 = -20. Let q(r) = -2*r - 1. Calculate q(a).
-7
Suppose 41*x = -85*x - 378. Let h(q) = q**2 + q + 1. Let b = -7 - -10. Let v(a) = -2*a**2 - 4*a - 5. Let r(c) = b*h(c) + v(c). What is r(x)?
10
Let p(v) = v + 6. Let y = -28 + 10. Let q be ((-8)/3)/(12/y). Suppose -c - 23 = 4*d, q*c - 9 = 4*d + 19. Give p(d).
0
Let m = 21 + -1. Let u = 33 - m. Suppose -u = 3*d - 10. Let z(y) = 4*y - 1. Give z(d).
-5
Let p = -8 + 3. Let c be p*(-1)/((-4)/4). Let k = c - -9. Let z(s) = -s**3 + 5*s**2 - 2*s - 2. Give z(k).
6
Let m be (1 + 2/(-1))*-3. Let d(i) = 2*i + 2 - m*i + 3*i - i. Let n = 4 - 10. Give d(n).
-4
Let g(j) = -j**3 - 5*j**2 - 4*j + 1. Let b be (0 - 3)/((-850)/(-214) + -4). Let a = -110 + b. Calculate g(a).
-5
Let d(i) be the first derivative of 1/2*i**2 - 2*i + 7. Determine d(0).
-2
Let r = -2472 - -2477. Let q(t) = -14*t**3 + 5*t**2 + 5*t - 1. Let f(d) = 5*d**3 - 2*d**2 - 2*d. Let n(h) = 17*f(h) + 6*q(h). Calculate n(r).
-1
Suppose -4*v + 3*j = 7, 4*j + 28 = 4*v + 8*j. Let q(m) = -3 - 3 - 725*m + 733*m - m**3 + 5*m**v. Calculate q(6).
6
Let m(u) = -u**3 - u**2 + 2*u - 2. Let d be -3 - ((-6 - -3) + (-4)/(-1)). Determine m(d).
38
Let c(d) = -d**3 + 3*d**2 + 2*d. Suppose -n = -2*n - 36. Let v be (10/(-6))/(4/n). Suppose 0*a = 5*a - v. What is c(a)?
6
Let t(w) = -4*w + 3. Suppose 35*i + 388 = 3. Calculate t(i).
47
Let w(o) 